 19 - d**3 + 1099474*d - 1099474*d - d**2. Suppose -2 + 6 = y. Suppose 2*v + y*c + 16 = 6*v, c + 4 = -3*v. Determine q(v).
19
Let p(i) = 2*i**2 - 54*i - 326. Let j be p(-5). Let q(b) = b**3 + 7*b**2 + 8*b - 13. Give q(j).
-25
Let i(j) = -5*j + 14. Let n(b) = -2*b + 5. Let o(a) = -4*i(a) + 11*n(a). Let m(x) = -10*x - 18. Let w(l) = m(l) - 6*o(l). Give w(8).
4
Let y(j) be the first derivative of -j**3/2 + j**2/2 - 52*j - 18. Let z(u) be the first derivative of y(u). Determine z(2).
-5
Let r(j) = 19*j + 25. Let z be (5/1 - 0) + 6*42/(-36). Calculate r(z).
-13
Let f(s) be the second derivative of -s**6/360 - 7*s**5/60 + s**4/6 + s**3/6 - 2*s**2 - 13*s - 5. Let d(i) be the second derivative of f(i). What is d(-13)?
17
Let x(z) = -3*z**2 + 3*z + 130. Let g(o) = -2*o**2 + 2*o + 86. Let h(n) = 7*g(n) - 5*x(n). Let r(k) be the first derivative of h(k). Determine r(2).
3
Let s(r) be the third derivative of 0 + 0*r + 7/60*r**5 + 1/3*r**4 + 4/3*r**3 + 1/120*r**6 - 32*r**2. Let j be ((-3)/6)/(1/12). What is s(j)?
-4
Let l(h) = h**3 + 7. Suppose j = 2*j - 3*y - 8, 0 = 5*j + y - 24. Suppose -z - z - 76 = -4*r, 5 = j*r. Let u = 36 + z. What is l(u)?
7
Let p(f) = f**2 - 8*f - 2. Suppose -260 = 5*y + 60*y. Let m = -1 + -4. Let w(g) = -g**2 + 8*g + 2. Let d(r) = m*w(r) + y*p(r). Calculate d(8).
-2
Let i(f) = -41*f - 5. Suppose 1064 - 1160 = 48*z. What is i(z)?
77
Let d(n) = 20*n - 59. Suppose -21*h - 213 = -25*h - 67*h. What is d(h)?
1
Let t(w) = 1 + 2 + w + 0. Let u = -100664 - -100671. Give t(u).
10
Suppose -4*w + 2*w = 10. Let s(q) = -q**2 + 28467*q - 57077*q - 7 + 28603*q. Give s(w).
3
Let k(l) = -5*l**2 + 4*l - 126. Let t(i) = i**2 - i + 36. Let p(a) = k(a) + 4*t(a). Determine p(-5).
-7
Let t = 4188 - 4198. Let w(g) = g**3 + 11*g**2 + 7*g - 23. Calculate w(t).
7
Let g(c) = -2*c**3 + 2*c**2 - 72*c + 141. Let z be g(2). Let m(i) = 3*i + 44. Let w(v) = -v - 15. Let u(o) = -2*m(o) - 7*w(o). What is u(z)?
6
Let q(u) be the first derivative of u**2/2 + 6*u + 1. Suppose 0 = -6*l + 47 - 66 - 29. Calculate q(l).
-2
Suppose -5*o + 9 = -2*o. Let i(j) = -3*j + 3*j**2 + j**o + 2*j - 3 + 2*j. Suppose 2*y + 24 = -3*h, 14*y - 30 = 18*y + 3*h. Calculate i(y).
-6
Let m(z) = z**3 - z**2 - z - 4. Let q be m(0). Let a(i) be the first derivative of -116 - 3*i + 5/2*i**2 + 1/3*i**3. Give a(q).
-7
Let t(x) = -80*x - 77. Let u(l) = -109*l - 80. Let i(a) = 4*t(a) - 3*u(a). Give i(11).
9
Let j(o) be the first derivative of 9*o**4/2 - o**3 + o**2/2 - 759. Determine j(1).
16
Let q(x) = -188*x + 6017. Let k be q(32). Let b(v) = 7*v + 4. Let y(a) = -a**2 + 6*a + 3. Let s(o) = 4*b(o) - 5*y(o). Give s(k).
4
Let y(d) = 2*d**2 - 2. Let m(c) = -c**3 + 3*c. Let l(j) = -m(j) + 6*y(j). Calculate l(-12).
24
Let v(h) = 19*h**3 + 30*h**2 + 23*h + 25. Let s(m) be the first derivative of 3*m**4/4 + 5*m**3/3 + 2*m**2 + 4*m + 301. Let n(b) = 13*s(b) - 2*v(b). Give n(-3).
2
Let p(y) = 3*y + 6. Let u = 51 - 47. Suppose -13*s + 72 = -u*s. Suppose 6*n - s*n = -10. What is p(n)?
21
Let d(y) = -3*y**3 + y + 1. Let p be (-2)/6*23/(460/(-60)). What is d(p)?
-1
Let u(x) = x**2 - 42*x - 68. Let f(w) = 21*w + 36. Let h(z) = -7*f(z) - 4*u(z). Determine h(6).
2
Let s(y) = y**3 - 3*y**2 + 7*y - 4. Let h(g) = g**3 + g**2 - 14*g + 3. Let d be h(0). Let c(n) = -2*n**2 - n + 25. Let x be c(d). What is s(x)?
40
Let s = 6736 + -80831/12. Let f(q) be the third derivative of 5*q**2 + 1/3*q**3 + 0 + s*q**4 - 1/15*q**5 + 0*q. Give f(-2).
-18
Let x be 1/(-4) + 4/64*4. Suppose x = -b - 5*b - 36. Let g(l) be the third derivative of l**6/120 + 7*l**5/60 + l**4/3 + 2*l**3/3 - l**2. Calculate g(b).
-8
Let r be 0 + 2 + (-4)/1. Let g(l) be the first derivative of -3*l**2 + l + 96513. Calculate g(r).
13
Suppose -2*p + 4 = -p. Let z(g) be the third derivative of -1/24*g**4 - 1/6*g**3 - 8*g**2 + 0 + 0*g. Calculate z(p).
-5
Let u(o) be the first derivative of o**4/4 + 5*o**3/3 - 7*o - 3. Let t = 90 - 59. Let n = 26 - t. Determine u(n).
-7
Let r(u) = 4*u**2 + 6*u + 5. Let y(x) be the first derivative of -3*x**3 - 7*x**2 - 12*x - 62. Let s(f) = -7*r(f) - 3*y(f). Calculate s(-3).
-8
Let n be (-15 - -16)/((-12)/(-180)). Let g(i) = -2*i**3 + 28*i**2 + 30*i + 7. Determine g(n).
7
Suppose s + 216 = 4*s. Let a be (-2)/s*-9 + 29/(-4). Let h(f) = f**3 + 7*f**2 + 5*f + 6. Determine h(a).
-29
Let k(s) = -s**3 + 12*s**2 - 9*s + 16. Let t(z) = 5*z**3 - 58*z**2 + 49*z - 81. Let c(r) = 11*k(r) + 2*t(r). Calculate c(16).
-2
Let a(j) = -j**2 - 4*j + 10. Suppose 77*i = 72*i + 2765. Let t = -558 + i. Calculate a(t).
5
Let t(o) = -2*o - o - 6*o - 4*o + 1. Let g(f) be the second derivative of -f**3/6 + 3*f**2/2 + 104*f. Let b be g(2). Determine t(b).
-12
Let d(q) = -2 + 3*q**2 - 3*q - 4*q**2 + 0*q. Let w = 119 - 114. Suppose -3*u = -3, w*y + u = 2*y - 17. Calculate d(y).
-20
Let t(u) = -u**3 - 7*u**2 - 3*u + 13. Suppose 3*g = -3*p - 0*g - 12, -2*g = p + 2. Determine t(p).
-5
Let m(z) be the first derivative of -3*z**2/2 - 9*z + 75. Calculate m(8).
-33
Suppose 27 = 3*c + 18. Suppose -c*v - r = -2*r - 38, 3*v = 2*r + 43. Suppose -v*d - 13 = -90. Let t(y) = -y**2 + 8*y - 7. Give t(d).
0
Let u be ((-5)/((-25)/(-10)))/(-12*12/(-2808)). Let z(o) = -2*o**2 - 79*o - 59. Give z(u).
-20
Suppose 0*r - 2*b = -3*r + 4, -3*b = 3*r - 9. Suppose m - r*w = -7, w - 4*w + 3 = -4*m. Suppose m = 6*h - 9*h. Let c(a) = -12*a - 1. Calculate c(h).
11
Let a(f) = -26*f + 10. Let r(d) = -d**2 - 16*d - 46. Let x be r(-4). Determine a(x).
-42
Let g be (-664)/(-68) - (-60)/255. Let j(s) = s**3 - 11*s**2 + 9*s - 1. Give j(g).
-11
Let t = 225 - 223. Let z(d) = -2*d - 2*d**2 + 18*d**2 - 2*d**2 - 12*d**t. Suppose -x + 7 = 2*i, -3*x = -i - 0*i. What is z(i)?
12
Let s = -656 + 858. Let j(u) = 107 + u + 105 - s. What is j(-4)?
6
Let v be (-6)/4*14/21. Let y(t) = -3*t + 5. Let x be y(v). Let o(m) = m**3 - 7*m**2 - 9*m + 3. Determine o(x).
-5
Let a(v) = -3*v**2 + 4*v. Suppose -38*m + 44*m = 0. What is a(m)?
0
Let l(f) be the first derivative of -5*f**2/2 - 3*f + 3. Suppose 20 = -4*c - 3*y, -5*c = -13*y + 7*y - 14. Give l(c).
7
Let q(h) be the second derivative of 1/6*h**3 + 5*h**2 + 17*h + 0. Let t be -1 + -2 - (-3 + 7). Give q(t).
3
Let o = -749 - -771. Let c(u) = 470*u**2 - 12 + o - 472*u**2 - 10*u. Give c(-8).
-38
Let o(p) = 10*p + 2. Let d(u) = -7*u + 13. Let z be d(3). Let h(t) = -6*t - 46. Let l be h(z). Give o(l).
22
Let c be 2*2*6/(-3). Let i = -2 - c. Let o(d) be the second derivative of d**5/20 - 5*d**4/12 - 4*d**3/3 + d**2/2 + 21534*d. Give o(i).
-11
Let g(m) = 6*m**2 - 5*m - 2. Suppose 4*q + 6*a = a + 14, -13 = -3*q - 5*a. Let p(w) = w**2 - w + 2. Let n(l) = q*g(l) - 5*p(l). Give n(0).
-12
Let r be (-3 - (-16)/3)*3. Let c(p) = -2*p**2 + p + 6 - 7*p + 7*p**2 - r*p**2. Suppose -d = -2 + 7. Calculate c(d).
-14
Suppose 0 = -5*u + 4*u - 1. Let l = -419 + 1253. Let d(n) = -1673 - n**2 + 840 + n + 6*n**3 + l. Give d(u).
-7
Suppose 0 = -3*r + 3*o, 4*r - 5*o = r - 4. Let u(a) = -6*a**2 + 5*a - 2. Calculate u(r).
-16
Let s = -5428 + 5427. Let c(x) = 16*x + 4. Give c(s).
-12
Suppose 0 = -0*x + 4*x + 8. Let k(s) = -9*s + s - 5 + 11*s. Let v(g) = 5*g - 6. Let o(a) = -4*k(a) + 3*v(a). Determine o(x).
-4
Let d(j) = 5*j + 5. Let o(x) = 4*x + 4. Let r(h) = -5*d(h) + 6*o(h). Suppose 33*g = 37*g - 8. Suppose g*n = 5*n - 3. Determine r(n).
-2
Let c(k) be the third derivative of -7/60*k**5 - 1/120*k**6 - 1/4*k**4 + 1/3*k**3 + 22*k + 0 + k**2. Let b = -13 + 7. What is c(b)?
2
Let p = -7726 - -7726. Let n(c) = 3*c**2 - 4. Give n(p).
-4
Suppose 16*f = 12*f - 584. Let g = f + 151. Let x(w) = w**3 - 5*w**2 + 2*w - 3. Calculate x(g).
7
Suppose y = 33 - 18. Suppose y = 5*x + 3*n, -12 + 9 = 2*x + 3*n. Let u(w) = w**2 - 4*w + 8. Let b(k) = -k**2 + 3*k - 9. Let d(h) = -3*b(h) - 4*u(h). Give d(x).
1
Suppose -k + 1 + 10 = 0. Let s(g) = 4*g + k*g + 4 - 5 - 28*g. Suppose 2*f - 6*f - 6 = 2*c, 2*f - 4*c - 22 = 0. Determine s(f).
-14
Let q = 8 - -4. Suppose -2*k + 2 = q. Let g(a) = -7*a**2 + 31*a + 36. Let r(h) = 9*h**2 - 41*h - 47. Let j(y) = 13*g(y) + 10*r(y). What is j(k)?
8
Let v(r) = 7*r**2 + 19*r - 30*r + 1 + 9*r + 10*r**2. Calculate v(-2).
73
Let v(h) be the third derivative of 0 - 1/60*h**5 - 17*h**2 + 1/2*h**3 + 0*h - 1/8*h**4. Let q(j) = -j. Let b(x) = 5*q(x) - v(x). Calculate b(-4).
21
Let t(k) = -9*k + 37. 